 when 89 is divided by 43?
3
What is the remainder when 729 is divided by 720?
9
What is the remainder when 6729 is divided by 17?
14
Calculate the remainder when 21194 is divided by 45.
44
What is the remainder when 382 is divided by 48?
46
What is the remainder when 57 is divided by 54?
3
What is the remainder when 154 is divided by 26?
24
Calculate the remainder when 518 is divided by 24.
14
Calculate the remainder when 838 is divided by 28.
26
Calculate the remainder when 130 is divided by 15.
10
Calculate the remainder when 159 is divided by 84.
75
Calculate the remainder when 104 is divided by 15.
14
What is the remainder when 2496 is divided by 829?
9
Calculate the remainder when 126 is divided by 66.
60
What is the remainder when 4507 is divided by 196?
195
Calculate the remainder when 143 is divided by 63.
17
What is the remainder when 204 is divided by 13?
9
Calculate the remainder when 2221 is divided by 89.
85
Calculate the remainder when 1208 is divided by 48.
8
What is the remainder when 4420 is divided by 38?
12
Calculate the remainder when 449 is divided by 154.
141
Calculate the remainder when 57 is divided by 3.
0
What is the remainder when 2252 is divided by 374?
8
Calculate the remainder when 5307 is divided by 30.
27
Calculate the remainder when 79 is divided by 52.
27
Calculate the remainder when 112 is divided by 10.
2
What is the remainder when 143 is divided by 3?
2
What is the remainder when 2617 is divided by 164?
157
What is the remainder when 88 is divided by 12?
4
What is the remainder when 983 is divided by 7?
3
What is the remainder when 826 is divided by 16?
10
Calculate the remainder when 3314 is divided by 34.
16
Calculate the remainder when 1372 is divided by 60.
52
Calculate the remainder when 344 is divided by 340.
4
Calculate the remainder when 2517 is divided by 28.
25
Calculate the remainder when 8926 is divided by 16.
14
What is the remainder when 15915 is divided by 173?
172
Calculate the remainder when 689 is divided by 173.
170
What is the remainder when 223 is divided by 4?
3
What is the remainder when 357 is divided by 208?
149
Calculate the remainder when 295 is divided by 25.
20
What is the remainder when 1835 is divided by 167?
165
What is the remainder when 161 is divided by 41?
38
What is the remainder when 2424 is divided by 10?
4
Calculate the remainder when 18 is divided by 10.
8
Calculate the remainder when 1218 is divided by 307.
297
What is the remainder when 216 is divided by 44?
40
What is the remainder when 1818 is divided by 91?
89
Calculate the remainder when 301 is divided by 65.
41
Calculate the remainder when 1253 is divided by 7.
0
Calculate the remainder when 37 is divided by 25.
12
Calculate the remainder when 279 is divided by 49.
34
Calculate the remainder when 58 is divided by 50.
8
What is the remainder when 105 is divided by 74?
31
What is the remainder when 2635 is divided by 9?
7
Calculate the remainder when 3375 is divided by 91.
8
What is the remainder when 1292 is divided by 35?
32
Calculate the remainder when 514 is divided by 12.
10
Calculate the remainder when 64 is divided by 17.
13
What is the remainder when 453 is divided by 223?
7
Calculate the remainder when 97 is divided by 25.
22
What is the remainder when 1948 is divided by 26?
24
Calculate the remainder when 263 is divided by 53.
51
What is the remainder when 1037 is divided by 70?
57
What is the remainder when 32 is divided by 26?
6
What is the remainder when 81 is divided by 29?
23
What is the remainder when 50 is divided by 32?
18
What is the remainder when 674 is divided by 210?
44
Calculate the remainder when 226 is divided by 119.
107
Calculate the remainder when 101 is divided by 17.
16
What is the remainder when 748 is divided by 92?
12
Calculate the remainder when 5505 is divided by 786.
3
Calculate the remainder when 891 is divided by 109.
19
Calculate the remainder when 2908 is divided by 112.
108
What is the remainder when 784 is divided by 101?
77
What is the remainder when 2234 is divided by 123?
20
What is the remainder when 4749 is divided by 37?
13
Calculate the remainder when 1243 is divided by 621.
1
Calculate the remainder when 816 is divided by 82.
78
What is the remainder when 217 is divided by 43?
2
What is the remainder when 215 is divided by 77?
61
Calculate the remainder when 287 is divided by 96.
95
Calculate the remainder when 915 is divided by 66.
57
Calculate the remainder when 1292 is divided by 24.
20
Calculate the remainder when 739 is divided by 83.
75
What is the remainder when 5177 is divided by 91?
81
What is the remainder when 10871 is divided by 12?
11
What is the remainder when 350 is divided by 89?
83
Calculate the remainder when 632 is divided by 180.
92
Calculate the remainder when 1918 is divided by 24.
22
Calculate the remainder when 202 is divided by 46.
18
Calculate the remainder when 208 is divided by 19.
18
What is the remainder when 184 is divided by 62?
60
What is the remainder when 713 is divided by 58?
17
What is the remainder when 41 is divided by 7?
6
Calculate the remainder when 446 is divided by 15.
11
What is the remainder when 337 is divided by 119?
99
What is the remainder when 2494 is divided by 32?
30
What is the remainder when 780 is divided by 8?
4
Calculate the remainder when 308 is divided by 95.
23
What is the remainder when 87 is divided by 69?
18
Calculate the remainder when 8396 is divided by 17.
15
What is the remainder when 10791 is divided by 25?
16
Calculate the remainder when 163 is divided by 60.
43
What is the remainder when 274 is divided by 44?
10
Calculate the remainder when 1112 is divided by 21.
20
Calculate the remainder when 130 is divided by 11.
9
Calculate the remainder when 10134 is divided by 37.
33
What is the remainder when 89 is divided by 20?
9
What is the remainder when 60 is divided by 54?
6
What is the remainder when 95 is divided by 24?
23
What is the remainder when 398 is divided by 21?
20
Calculate the remainder when 25 is divided by 10.
5
What is the remainder when 344 is divided by 42?
8
What is the remainder when 2808 is divided by 53?
52
What is the remainder when 110 is divided by 60?
50
What is the remainder when 216 is divided by 17?
12
What is the remainder when 12694 is divided by 92?
90
What is the remainder when 263 is divided by 138?
125
Calculate the remainder when 671 is divided by 48.
47
What is the remainder when 1013 is divided by 6?
5
Calculate the remainder when 250 is divided by 82.
4
Calculate the remainder when 312 is divided by 116.
80
Calculate the remainder when 575 is divided by 29.
24
Calculate the remainder when 3611 is divided by 21.
20
What is the remainder when 216 is divided by 21?
6
What is the remainder when 14713 is divided by 45?
43
What is the remainder when 481 is divided by 21?
19
Calculate the remainder when 80 is divided by 27.
26
What is the remainder when 3700 is divided by 103?
95
What is the remainder when 870 is divided by 7?
2
Calculate the remainder when 62 is divided by 30.
2
What is the remainder when 124 is divided by 18?
16
Calculate the remainder when 1594 is divided by 272.
234
Calculate the remainder when 1542 is divided by 17.
12
Calculate the remainder when 228 is divided by 20.
8
What is the remainder when 27 is divided by 16?
11
What is the remainder when 2490 is divided by 228?
210
What is the remainder when 127 is divided by 23?
12
What is the remainder when 398 is divided by 16?
14
What is the remainder when 5113 is divided by 16?
9
Calculate the remainder when 378 is divided by 124.
6
Calculate the remainder when 9353 is divided by 36.
29
Calculate the remainder when 699 is divided by 64.
59
What is the remainder when 1304 is divided by 216?
8
What is the remainder when 35 is divided by 3?
2
Calculate the remainder when 989 is divided by 66.
65
What is the remainder when 545 is divided by 155?
80
Calculate the remainder when 2123 is divided by 4.
3
Calculate the remainder when 113 is divided by 22.
3
Calculate the remainder when 94 is divided by 20.
14
Calculate the remainder when 2149 is divided by 239.
237
What is the remainder when 369 is divided by 74?
73
Calculate the remainder when 1084 is divided by 15.
4
Calculate the remainder when 